{"id":19,"date":"2026-02-17T15:48:24","date_gmt":"2026-02-17T14:48:24","guid":{"rendered":"https:\/\/demo.lesfoulardsrouges.fr\/?page_id=19"},"modified":"2026-02-17T20:34:13","modified_gmt":"2026-02-17T19:34:13","slug":"historique","status":"publish","type":"page","link":"https:\/\/demo.lesfoulardsrouges.fr\/?page_id=19","title":{"rendered":"Historique"},"content":{"rendered":"\n<div class=\"wp-block-group alignfull is-style-section-1 has-global-padding is-layout-constrained wp-container-core-group-is-layout-cdf985e3 wp-block-group-is-layout-constrained is-style-section-1--1\" style=\"min-height:100vh;margin-top:0;margin-bottom:0;padding-top:var(--wp--preset--spacing--80);padding-right:var(--wp--preset--spacing--80);padding-bottom:var(--wp--preset--spacing--80);padding-left:var(--wp--preset--spacing--80)\">\n<h2 class=\"wp-block-heading alignwide has-custom-color-1-color has-text-color has-link-color wp-elements-c7855450a0789e4e7b1e19e21058935a\">En 2026, les Foulards Rouges f\u00eateront&nbsp;leurs&nbsp;60 ans. D\u00e9j\u00e0 !<\/h2>\n\n\n\n<blockquote class=\"wp-block-quote is-layout-flow wp-block-quote-is-layout-flow\">\n<p>Depuis fin 2007, ils se sont constitu\u00e9s en association selon la loi de 1901.<\/p>\n<\/blockquote>\n\n\n\n<figure class=\"wp-block-pullquote is-style-text-display\"><blockquote><p>Autrefois, les enfants et les adolescents malades qui venaient en p\u00e8lerinage \u00e0 LOURDES \u00e9taient noy\u00e9s au milieu des personnes malades ou handicap\u00e9es adultes ou m\u00eame \u00e2g\u00e9es. N\u00e9cessairement, cela limitait leur int\u00e9r\u00eat et aussi leurs possibilit\u00e9s d\u2019expression, de r\u00e9flexion et de pri\u00e8re.<\/p><\/blockquote><\/figure>\n\n\n\n<div class=\"wp-block-columns alignwide are-vertically-aligned-center is-layout-flex wp-container-core-columns-is-layout-643ced6b wp-block-columns-is-layout-flex\">\n<div class=\"wp-block-column is-vertically-aligned-center is-layout-flow wp-block-column-is-layout-flow\">\n<figure class=\"wp-block-image aligncenter size-full is-resized has-custom-border\"><img loading=\"lazy\" decoding=\"async\" width=\"470\" height=\"554\" src=\"https:\/\/demo.lesfoulardsrouges.fr\/wp-content\/uploads\/2026\/02\/cheramy-bernard-NB-1.png\" alt=\"\" class=\"wp-image-24\" style=\"border-top-left-radius:150px;border-bottom-right-radius:150px;object-fit:cover;width:312px;height:auto\" srcset=\"https:\/\/demo.lesfoulardsrouges.fr\/wp-content\/uploads\/2026\/02\/cheramy-bernard-NB-1.png 470w, https:\/\/demo.lesfoulardsrouges.fr\/wp-content\/uploads\/2026\/02\/cheramy-bernard-NB-1-255x300.png 255w\" sizes=\"auto, (max-width: 470px) 100vw, 470px\" \/><figcaption class=\"wp-element-caption\">P\u00e8re Bernard CHERAMY<\/figcaption><\/figure>\n<\/div>\n\n\n\n<div class=\"wp-block-column is-vertically-aligned-center is-layout-flow wp-block-column-is-layout-flow\">\n<div class=\"wp-block-group is-vertical is-content-justification-stretch is-layout-flex wp-container-core-group-is-layout-353c4f5a wp-block-group-is-layout-flex\">\n<p>L\u2019id\u00e9e du P\u00e8re Bernard CHERAMY et de quelques b\u00e9n\u00e9voles, fut de regrouper ces jeunes, souvent isol\u00e9s \u00e0 longueur d\u2019ann\u00e9e chez eux ou dans des \u00e9tablissements sp\u00e9cialis\u00e9s et parfois accompagn\u00e9s de leur maman. Les c\u00e9l\u00e9brations habituelles sont partag\u00e9es avec l\u2019ensemble des malades du dioc\u00e8se de VERSAILLES. Mais aussi, peu \u00e0 peu ont \u00e9t\u00e9 propos\u00e9s gr\u00e2ce \u00e0 un fonctionnement plus souple, des activit\u00e9s compl\u00e9mentaires, plus festives, une veill\u00e9e, ainsi qu\u2019un accompagnement vari\u00e9, davantage adapt\u00e9 \u00e0 leur \u00e2ge et \u00e0 leurs aspirations.&nbsp;<\/p>\n<\/div>\n<\/div>\n<\/div>\n\n\n\n<p>Par exemple, chaque ann\u00e9e nous partons en excursion en car \u00e0 la d\u00e9couverte d\u2019un site des Pyr\u00e9n\u00e9es : Pont d\u2019Espagne, Grottes de Bettarham, &nbsp;lac, &nbsp;Bartr\u00e8s le berceau de l\u2019enfance de Bernadette\u2026 Une messe c\u00e9l\u00e9br\u00e9e entre nous, parfois en plein air dans un site grandiose si la m\u00e9t\u00e9o le permet, puis un repas pris tous ensemble au restaurant sont autant de souvenirs que rapporteront nos malades dont la plupart a peu l\u2019occasion de sortir. La Foi se construit dans les \u00e9glises, lors des c\u00e9l\u00e9brations, mais se nourrit aussi de la contemplation des merveilles qui nous entourent.&nbsp;Nous profitons \u00e9galement de notre s\u00e9jour pour partir \u00e0 la d\u00e9couverte de la vie de Bernadette par une s\u00e9ance de cin\u00e9ma ou en visitant l\u2019un des riches mus\u00e9es de LOURDES. &nbsp;Sans oublier la traditionnelle sortie en ville, pour r\u00e9aliser quelques emplettes et rapporter aux amis des souvenirs mat\u00e9riels de ce s\u00e9jour.<\/p>\n\n\n\n<p>&nbsp;Mais ces cinq jours si intenses v\u00e9cus ensemble sont vite pass\u00e9s et tous nous \u00e9prouvons le besoin de nous revoir : d\u2019abord, deux mois apr\u00e8s le p\u00e8lerinage, pour &nbsp;regarder les photos et revivre ces bons moments pass\u00e9s ensemble. Puis apr\u00e8s l\u2019\u00e9t\u00e9, pour f\u00eater les anniversaires\u2026 et les retrouvailles. En f\u00e9vrier, les choses sont plus s\u00e9rieuses puisqu\u2019il faut pr\u00e9parer le prochain p\u00e8lerinage \u00e0 LOURDES, r\u00e9fl\u00e9chir sur son th\u00e8me et concevoir le carnet qui nous accompagnera. Chacune de ces r\u00e9unions nous rassemble aussi autour d\u2019une c\u00e9l\u00e9bration entre nous ou dans une paroisse.<\/p>\n\n\n\n<p>Pour les Foulards Rouges, &nbsp;un p\u00e8lerinage \u00e0 LOURDES ne se limite pas \u00e0 quelques jours pass\u00e9s ensemble. C\u2019est un partage qui se vit toute l\u2019ann\u00e9e gr\u00e2ce \u00e0 une solidarit\u00e9, des contacts personnels et par l\u2019envoi d\u2019un journal : Pr\u00e9sence Foulards Rouges, qui permet aussi de garder le contact, m\u00eame quand on est loin !&nbsp;<\/p>\n\n\n\n<p>A bient\u00f4t, lors de notre prochaine r\u00e9union ou p\u00e8lerinage !<\/p>\n<\/div>\n\n\n\n<p><\/p>\n","protected":false},"excerpt":{"rendered":"<p>En 2026, les Foulards Rouges f\u00eateront&nbsp;leurs&nbsp;60 ans. D\u00e9j\u00e0 ! Depuis fin 2007, ils se sont constitu\u00e9s en association selon la loi de 1901. Autrefois, les enfants et les adolescents malades qui venaient en p\u00e8lerinage \u00e0 LOURDES \u00e9taient noy\u00e9s au milieu des personnes malades ou handicap\u00e9es adultes ou m\u00eame \u00e2g\u00e9es. N\u00e9cessairement, cela limitait leur int\u00e9r\u00eat et [&hellip;]<\/p>\n","protected":false},"author":1,"featured_media":0,"parent":0,"menu_order":0,"comment_status":"closed","ping_status":"closed","template":"","meta":{"footnotes":""},"class_list":["post-19","page","type-page","status-publish","hentry"],"_links":{"self":[{"href":"https:\/\/demo.lesfoulardsrouges.fr\/index.php?rest_route=\/wp\/v2\/pages\/19","targetHints":{"allow":["GET"]}}],"collection":[{"href":"https:\/\/demo.lesfoulardsrouges.fr\/index.php?rest_route=\/wp\/v2\/pages"}],"about":[{"href":"https:\/\/demo.lesfoulardsrouges.fr\/index.php?rest_route=\/wp\/v2\/types\/page"}],"author":[{"embeddable":true,"href":"https:\/\/demo.lesfoulardsrouges.fr\/index.php?rest_route=\/wp\/v2\/users\/1"}],"replies":[{"embeddable":true,"href":"https:\/\/demo.lesfoulardsrouges.fr\/index.php?rest_route=%2Fwp%2Fv2%2Fcomments&post=19"}],"version-history":[{"count":4,"href":"https:\/\/demo.lesfoulardsrouges.fr\/index.php?rest_route=\/wp\/v2\/pages\/19\/revisions"}],"predecessor-version":[{"id":62,"href":"https:\/\/demo.lesfoulardsrouges.fr\/index.php?rest_route=\/wp\/v2\/pages\/19\/revisions\/62"}],"wp:attachment":[{"href":"https:\/\/demo.lesfoulardsrouges.fr\/index.php?rest_route=%2Fwp%2Fv2%2Fmedia&parent=19"}],"curies":[{"name":"wp","href":"https:\/\/api.w.org\/{rel}","templated":true}]}}

<div class="wp-block-group alignfull is-style-section-1 has-global-padding is-layout-constrained wp-container-core-group-is-layout-cdf985e3 wp-block-group-is-layout-constrained is-style-section-1--1" style="min-height:100vh;margin-top:0;margin-bottom:0;padding-top:var(--wp--preset--spacing--80);padding-right:var(--wp--preset--spacing--80);padding-bottom:var(--wp--preset--spacing--80);padding-left:var(--wp--preset--spacing--80)">
<h2 class="wp-block-heading alignwide has-custom-color-1-color has-text-color has-link-color wp-elements-c7855450a0789e4e7b1e19e21058935a">En 2026, les Foulards Rouges fêteront&nbsp;leurs&nbsp;60 ans. Déjà !</h2>



<blockquote class="wp-block-quote is-layout-flow wp-block-quote-is-layout-flow">
<p>Depuis fin 2007, ils se sont constitués en association selon la loi de 1901.</p>
</blockquote>



<figure class="wp-block-pullquote is-style-text-display"><blockquote><p>Autrefois, les enfants et les adolescents malades qui venaient en pèlerinage à LOURDES étaient noyés au milieu des personnes malades ou handicapées adultes ou même âgées. Nécessairement, cela limitait leur intérêt et aussi leurs possibilités d’expression, de réflexion et de prière.</p></blockquote></figure>



<div class="wp-block-columns alignwide are-vertically-aligned-center is-layout-flex wp-container-core-columns-is-layout-643ced6b wp-block-columns-is-layout-flex">
<div class="wp-block-column is-vertically-aligned-center is-layout-flow wp-block-column-is-layout-flow">
<figure class="wp-block-image aligncenter size-full is-resized has-custom-border"><img loading="lazy" decoding="async" width="470" height="554" src="https://demo.lesfoulardsrouges.fr/wp-content/uploads/2026/02/cheramy-bernard-NB-1.png" alt="" class="wp-image-24" style="border-top-left-radius:150px;border-bottom-right-radius:150px;object-fit:cover;width:312px;height:auto" srcset="https://demo.lesfoulardsrouges.fr/wp-content/uploads/2026/02/cheramy-bernard-NB-1.png 470w, https://demo.lesfoulardsrouges.fr/wp-content/uploads/2026/02/cheramy-bernard-NB-1-255x300.png 255w" sizes="auto, (max-width: 470px) 100vw, 470px" /><figcaption class="wp-element-caption">Père Bernard CHERAMY</figcaption></figure>
</div>



<div class="wp-block-column is-vertically-aligned-center is-layout-flow wp-block-column-is-layout-flow">
<div class="wp-block-group is-vertical is-content-justification-stretch is-layout-flex wp-container-core-group-is-layout-353c4f5a wp-block-group-is-layout-flex">
<p>L’idée du Père Bernard CHERAMY et de quelques bénévoles, fut de regrouper ces jeunes, souvent isolés à longueur d’année chez eux ou dans des établissements spécialisés et parfois accompagnés de leur maman. Les célébrations habituelles sont partagées avec l’ensemble des malades du diocèse de VERSAILLES. Mais aussi, peu à peu ont été proposés grâce à un fonctionnement plus souple, des activités complémentaires, plus festives, une veillée, ainsi qu’un accompagnement varié, davantage adapté à leur âge et à leurs aspirations.&nbsp;</p>
</div>
</div>
</div>



<p>Par exemple, chaque année nous partons en excursion en car à la découverte d’un site des Pyrénées : Pont d’Espagne, Grottes de Bettarham, &nbsp;lac, &nbsp;Bartrès le berceau de l’enfance de Bernadette… Une messe célébrée entre nous, parfois en plein air dans un site grandiose si la météo le permet, puis un repas pris tous ensemble au restaurant sont autant de souvenirs que rapporteront nos malades dont la plupart a peu l’occasion de sortir. La Foi se construit dans les églises, lors des célébrations, mais se nourrit aussi de la contemplation des merveilles qui nous entourent.&nbsp;Nous profitons également de notre séjour pour partir à la découverte de la vie de Bernadette par une séance de cinéma ou en visitant l’un des riches musées de LOURDES. &nbsp;Sans oublier la traditionnelle sortie en ville, pour réaliser quelques emplettes et rapporter aux amis des souvenirs matériels de ce séjour.</p>



<p>&nbsp;Mais ces cinq jours si intenses vécus ensemble sont vite passés et tous nous éprouvons le besoin de nous revoir : d’abord, deux mois après le pèlerinage, pour &nbsp;regarder les photos et revivre ces bons moments passés ensemble. Puis après l’été, pour fêter les anniversaires… et les retrouvailles. En février, les choses sont plus sérieuses puisqu’il faut préparer le prochain pèlerinage à LOURDES, réfléchir sur son thème et concevoir le carnet qui nous accompagnera. Chacune de ces réunions nous rassemble aussi autour d’une célébration entre nous ou dans une paroisse.</p>



<p>Pour les Foulards Rouges, &nbsp;un pèlerinage à LOURDES ne se limite pas à quelques jours passés ensemble. C’est un partage qui se vit toute l’année grâce à une solidarité, des contacts personnels et par l’envoi d’un journal : Présence Foulards Rouges, qui permet aussi de garder le contact, même quand on est loin !&nbsp;</p>



<p>A bientôt, lors de notre prochaine réunion ou pèlerinage !</p>
</div>



<p></p>

<p>En 2026, les Foulards Rouges fêteront&nbsp;leurs&nbsp;60 ans. Déjà ! Depuis fin 2007, ils se sont constitués en association selon la loi de 1901. Autrefois, les enfants et les adolescents malades qui venaient en pèlerinage à LOURDES étaient noyés au milieu des personnes malades ou handicapées adultes ou même âgées. Nécessairement, cela limitait leur intérêt et [&hellip;]</p>
