{"id":27,"date":"2026-02-17T15:58:58","date_gmt":"2026-02-17T14:58:58","guid":{"rendered":"https:\/\/demo.lesfoulardsrouges.fr\/?page_id=27"},"modified":"2026-02-17T15:58:58","modified_gmt":"2026-02-17T14:58:58","slug":"temoignages","status":"publish","type":"page","link":"https:\/\/demo.lesfoulardsrouges.fr\/?page_id=27","title":{"rendered":"T\u00e9moignages"},"content":{"rendered":"\n<p><\/p>\n\n\n\n<blockquote class=\"wp-block-quote is-layout-flow wp-block-quote-is-layout-flow\">\n<p>1974 : je fais mon premier p\u00e9l\u00e9. Sans le conna\u00eetre, je suis affect\u00e9e au groupe des Foulards rouges. Et voil\u00e0 d\u00e9j\u00e0 38 ans d&rsquo;une longue amiti\u00e9 entre les personnes malades, handicap\u00e9es et valides!<br>Ce que j&rsquo;ai tout de suite appr\u00e9ci\u00e9 c&rsquo;est de vivre le p\u00e9l\u00e9 \u00ab\u00a0\u00e0 plein temps\u00a0\u00bb, en partageant tous les moments de la journ\u00e9e avec les personnes du groupe, les r\u00e9unions au cours de l&rsquo;ann\u00e9e o\u00f9 on essaie de permettre \u00e0 chacun de participer, selon ses possibilit\u00e9s, \u00e0 la pr\u00e9paration du p\u00e9l\u00e9 et du carnet.<br>En plus de ces temps forts il y a aussi les r\u00e9unions plus festives : je me souviens de deux camps d&rsquo;\u00e9t\u00e9 et de f\u00eates comme un r\u00e9veillon de la Saint Sylvestre ou l&rsquo;Epiphanie\u2026 Et puis, les visites \u00e0 nos amis qui ne peuvent se d\u00e9placer, des sorties impromptues organis\u00e9es par un petit groupe\u2026<br>Alors je n&rsquo;ai qu&rsquo;un souhait: que notre \u00ab\u00a0famille\u00a0\u00bb s&rsquo;agrandisse en accueillant de nouveaux membres !<\/p>\n<cite>Annick<\/cite><\/blockquote>\n\n\n\n<blockquote class=\"wp-block-quote is-layout-flow wp-block-quote-is-layout-flow\">\n<p><em>\u00e7a commence dans la musique avec un&nbsp;&nbsp;&nbsp;&nbsp;&nbsp;&nbsp;&nbsp;&nbsp; <\/em><strong><em>M<\/em><\/strong><\/p>\n\n\n\n<p><em>&nbsp; &nbsp; &nbsp; &nbsp;\u00e7a scintille comme une \u00e9toile avec un&nbsp;&nbsp;&nbsp;&nbsp;&nbsp;&nbsp;&nbsp; &nbsp;&nbsp;<\/em><strong><em>E<\/em><\/strong><\/p>\n\n\n\n<p><em>&nbsp; &nbsp; &nbsp; &nbsp; &nbsp; &nbsp; \u00e7a dessine un chemin de r\u00eave avec un&nbsp;&nbsp;&nbsp;&nbsp;&nbsp;&nbsp;&nbsp; &nbsp;<\/em><strong><em>R<\/em><\/strong><\/p>\n\n\n\n<p><em>&nbsp; &nbsp; &nbsp; &nbsp; &nbsp; &nbsp; &nbsp; &nbsp; &nbsp; &nbsp; &nbsp;sur les ailes d&rsquo;une caresse avec un&nbsp;&nbsp;&nbsp; &nbsp;&nbsp;&nbsp;&nbsp;&nbsp;&nbsp;&nbsp; <\/em><strong><em>C<\/em><\/strong><\/p>\n\n\n\n<p><em>&nbsp; &nbsp; &nbsp; &nbsp; &nbsp; &nbsp; &nbsp; &nbsp; &nbsp; &nbsp; &nbsp; &nbsp; &nbsp; &nbsp; dans la bouche d&rsquo;une guitare prenez le&nbsp;&nbsp;&nbsp; &nbsp;<\/em><strong><em>I<\/em><\/strong><\/p>\n\n\n\n<p><em>C&rsquo;est un mot qui soudain&nbsp;se chante et qui vous dit :<\/em><strong><em>M E R C I<\/em><\/strong><\/p>\n\n\n\n<p>Merci pour&nbsp;les moments partag\u00e9s, les sourires donn\u00e9s, les fous-rires d\u00e9clench\u00e9s,&nbsp; merci pour votre app\u00e9tit de vivre et toutes les le\u00e7ons de courage et de bonne humeur que vous nous donnez &#8211; Merci \u00e0 \u00ab\u00a0nos hommes\u00a0\u00bb pour leurs muscles et leur humour et enfin \u00e0 toutes et \u00e0 tous pour tous les bons instants pass\u00e9s ensemble.<\/p>\n\n\n\n<p>Je vous aime et vous embrasse tous tr\u00e8s tr\u00e8s fort.&nbsp;<\/p>\n<cite><em>Agn\u00e8s \u00a0<\/em><\/cite><\/blockquote>\n","protected":false},"excerpt":{"rendered":"<p>1974 : je fais mon premier p\u00e9l\u00e9. Sans le conna\u00eetre, je suis affect\u00e9e au groupe des Foulards rouges. Et voil\u00e0 d\u00e9j\u00e0 38 ans d&rsquo;une longue amiti\u00e9 entre les personnes malades, handicap\u00e9es et valides!Ce que j&rsquo;ai tout de suite appr\u00e9ci\u00e9 c&rsquo;est de vivre le p\u00e9l\u00e9 \u00ab\u00a0\u00e0 plein temps\u00a0\u00bb, en partageant tous les moments de la journ\u00e9e [&hellip;]<\/p>\n","protected":false},"author":1,"featured_media":0,"parent":0,"menu_order":0,"comment_status":"closed","ping_status":"closed","template":"","meta":{"footnotes":""},"class_list":["post-27","page","type-page","status-publish","hentry"],"_links":{"self":[{"href":"https:\/\/demo.lesfoulardsrouges.fr\/index.php?rest_route=\/wp\/v2\/pages\/27","targetHints":{"allow":["GET"]}}],"collection":[{"href":"https:\/\/demo.lesfoulardsrouges.fr\/index.php?rest_route=\/wp\/v2\/pages"}],"about":[{"href":"https:\/\/demo.lesfoulardsrouges.fr\/index.php?rest_route=\/wp\/v2\/types\/page"}],"author":[{"embeddable":true,"href":"https:\/\/demo.lesfoulardsrouges.fr\/index.php?rest_route=\/wp\/v2\/users\/1"}],"replies":[{"embeddable":true,"href":"https:\/\/demo.lesfoulardsrouges.fr\/index.php?rest_route=%2Fwp%2Fv2%2Fcomments&post=27"}],"version-history":[{"count":1,"href":"https:\/\/demo.lesfoulardsrouges.fr\/index.php?rest_route=\/wp\/v2\/pages\/27\/revisions"}],"predecessor-version":[{"id":28,"href":"https:\/\/demo.lesfoulardsrouges.fr\/index.php?rest_route=\/wp\/v2\/pages\/27\/revisions\/28"}],"wp:attachment":[{"href":"https:\/\/demo.lesfoulardsrouges.fr\/index.php?rest_route=%2Fwp%2Fv2%2Fmedia&parent=27"}],"curies":[{"name":"wp","href":"https:\/\/api.w.org\/{rel}","templated":true}]}}

Témoignages

<p></p>



<blockquote class="wp-block-quote is-layout-flow wp-block-quote-is-layout-flow">
<p>1974 : je fais mon premier pélé. Sans le connaître, je suis affectée au groupe des Foulards rouges. Et voilà déjà 38 ans d&rsquo;une longue amitié entre les personnes malades, handicapées et valides!<br>Ce que j&rsquo;ai tout de suite apprécié c&rsquo;est de vivre le pélé « à plein temps », en partageant tous les moments de la journée avec les personnes du groupe, les réunions au cours de l&rsquo;année où on essaie de permettre à chacun de participer, selon ses possibilités, à la préparation du pélé et du carnet.<br>En plus de ces temps forts il y a aussi les réunions plus festives : je me souviens de deux camps d&rsquo;été et de fêtes comme un réveillon de la Saint Sylvestre ou l&rsquo;Epiphanie… Et puis, les visites à nos amis qui ne peuvent se déplacer, des sorties impromptues organisées par un petit groupe…<br>Alors je n&rsquo;ai qu&rsquo;un souhait: que notre « famille » s&rsquo;agrandisse en accueillant de nouveaux membres !</p>
<cite>Annick</cite></blockquote>



<blockquote class="wp-block-quote is-layout-flow wp-block-quote-is-layout-flow">
<p><em>ça commence dans la musique avec un&nbsp;&nbsp;&nbsp;&nbsp;&nbsp;&nbsp;&nbsp;&nbsp; </em><strong><em>M</em></strong></p>



<p><em>&nbsp; &nbsp; &nbsp; &nbsp;ça scintille comme une étoile avec un&nbsp;&nbsp;&nbsp;&nbsp;&nbsp;&nbsp;&nbsp; &nbsp;&nbsp;</em><strong><em>E</em></strong></p>



<p><em>&nbsp; &nbsp; &nbsp; &nbsp; &nbsp; &nbsp; ça dessine un chemin de rêve avec un&nbsp;&nbsp;&nbsp;&nbsp;&nbsp;&nbsp;&nbsp; &nbsp;</em><strong><em>R</em></strong></p>



<p><em>&nbsp; &nbsp; &nbsp; &nbsp; &nbsp; &nbsp; &nbsp; &nbsp; &nbsp; &nbsp; &nbsp;sur les ailes d&rsquo;une caresse avec un&nbsp;&nbsp;&nbsp; &nbsp;&nbsp;&nbsp;&nbsp;&nbsp;&nbsp;&nbsp; </em><strong><em>C</em></strong></p>



<p><em>&nbsp; &nbsp; &nbsp; &nbsp; &nbsp; &nbsp; &nbsp; &nbsp; &nbsp; &nbsp; &nbsp; &nbsp; &nbsp; &nbsp; dans la bouche d&rsquo;une guitare prenez le&nbsp;&nbsp;&nbsp; &nbsp;</em><strong><em>I</em></strong></p>



<p><em>C&rsquo;est un mot qui soudain&nbsp;se chante et qui vous dit :</em><strong><em>M E R C I</em></strong></p>



<p>Merci pour&nbsp;les moments partagés, les sourires donnés, les fous-rires déclenchés,&nbsp; merci pour votre appétit de vivre et toutes les leçons de courage et de bonne humeur que vous nous donnez &#8211; Merci à « nos hommes » pour leurs muscles et leur humour et enfin à toutes et à tous pour tous les bons instants passés ensemble.</p>



<p>Je vous aime et vous embrasse tous très très fort.&nbsp;</p>
<cite><em>Agnès  </em></cite></blockquote>

<p>1974 : je fais mon premier pélé. Sans le connaître, je suis affectée au groupe des Foulards rouges. Et voilà déjà 38 ans d&rsquo;une longue amitié entre les personnes malades, handicapées et valides!Ce que j&rsquo;ai tout de suite apprécié c&rsquo;est de vivre le pélé « à plein temps », en partageant tous les moments de la journée [&hellip;]</p>
